{"id":9413,"date":"2016-12-06T16:39:07","date_gmt":"2016-12-06T15:39:07","guid":{"rendered":"http:\/\/gdirekt.hamstage.hamrenmedia.se\/produkt\/billede-til-bannerstativ-exl-event\/"},"modified":"2019-01-16T15:33:28","modified_gmt":"2019-01-16T14:33:28","slug":"billede-til-bannerstativ-exl-event","status":"publish","type":"product","link":"https:\/\/www.gdirekt.se\/da\/produkt\/billede-til-bannerstativ-exl-event\/","title":{"rendered":"Billede til bannerstativ \u2013 EXL Event"},"content":{"rendered":"<p><span lang=\"DA\">Billede til bannerstativ \u2013 EXL Event best\u00e5r af et banner. Bannerne vejer 450 g og er kraftige og slidst\u00e6rke.\u00a0Bannerstanderen er stabil og bruges som billedv\u00e6g. Det er et velegnet produkt til sportsarrangementer, messer og events.\u00a0V\u00e6lg mellem tre st\u00f8rrelser.<\/span><\/p>\n<p><span lang=\"DA\">Bannerstativ \u2013 EXL Event er en stabil billedv\u00e6g, der samles uden brug af v\u00e6rkt\u00f8j. Det bruges til butikscentre, sportskonkurrencer, messer og events.\u00a0 Et slidst\u00e6rkt banner er inkluderet i prisen. Det er et velegnet produkt til brug b\u00e5de indend\u00f8rs og udend\u00f8rs.<\/span><\/p>\n<p><span lang=\"DA\">V\u00e6lg mellem tre st\u00f8rrelser. 1:\u00a0Samlet m\u00e5l: 206 x 205\u00a0cm, billedm\u00e5l: 190 x 185\u00a0cm. 2:\u00a0Samlet m\u00e5l: 254 x 205\u00a0cm, billedm\u00e5l: 240 x 185\u00a0cm. 3:\u00a0Samlet m\u00e5l: 306 x 205\u00a0cm, billedm\u00e5l: 290 x 185\u00a0cm. Download designskabelonen til dit store banner, der passer i standeren og kan bruges som scenet\u00e6ppe og bagv\u00e6g.<\/span><\/p>\n<p><span class=\"fet\"><span lang=\"DA\">Bannerv\u00e6ggen har indbyggede v\u00e6gte af hensyn til stabiliteten. Det tager kun et par minutter at samle den.<\/span><\/span><span lang=\"DA\">\u00a0En let h\u00e5ndterlig og kompakt l\u00f8sning, n\u00e5r den transporteres usamlet. Billedet vikles rundt om de robuste glasfiberr\u00f8r.\u00a0K\u00f8b eventuelt en<span class=\"fet\">\u00a0taske, der passer til, med sn\u00f8relukning og hank.<\/span><\/span><\/p>\n<p><span lang=\"DA\">Bannerstativ \u2013 EXL Event er en god og billig l\u00f8sning til ops\u00e6tning af bannere. Hvis I har brug for andre bannere, har vi flere l\u00f8sninger. Se dem p\u00e5 denne\u00a0<\/span><span lang=\"DA\"><a href=\"https:\/\/www.gdirekt.se\/produkt-kategori\/banderoller\/\"><b><i>side.<\/i><\/b><\/a><\/span><\/p>\n<p>&nbsp;<\/p>\n","protected":false},"excerpt":{"rendered":"<p>Billede til bannerstativ \u2013 EXL Event. Bestil bannere, med let fastg\u00f8ring vha. elastiksnor p\u00e5 reklamestanderen, der bruges som hegn eller bande. V\u00e6lg mellem tre st\u00f8rrelser. Bem\u00e6rk: Dette billede er kun til \u00e9n side. Bestil to, hvis der skal udskiftes billede p\u00e5 begge sider.<\/p>\n","protected":false},"featured_media":8253,"template":"","meta":{"_acf_changed":false},"product_brand":[],"product_cat":[936],"product_tag":[],"class_list":{"0":"post-9413","1":"product","2":"type-product","3":"status-publish","4":"has-post-thumbnail","6":"product_cat-okategoriserad-da","7":"product_shipping_class-180sek","9":"first","10":"instock","11":"taxable","12":"shipping-taxable","13":"purchasable","14":"product-type-variable","15":"has-default-attributes"},"exclude_global_add_ons":[],"addons":[],"acf":[],"yoast_head":"<!-- This site is optimized with the Yoast SEO plugin v27.2 - https:\/\/yoast.com\/product\/yoast-seo-wordpress\/ -->\n<title>Billede til bannerstativ \u2013 EXL Event | Gdirekt.se<\/title>\n<meta name=\"description\" content=\"Billede til bannerstativ \u2013 EXL Event. Bestil bannere, med let fastg\u00f8ring vha. elastiksnor p\u00e5 reklamestanderen, der bruges som hegn eller bande.\" \/>\n<meta name=\"robots\" content=\"index, follow, max-snippet:-1, max-image-preview:large, max-video-preview:-1\" \/>\n<link rel=\"canonical\" href=\"https:\/\/www.gdirekt.se\/da\/produkt\/billede-til-bannerstativ-exl-event\/\" \/>\n<meta property=\"og:locale\" content=\"da_DK\" \/>\n<meta property=\"og:type\" content=\"article\" \/>\n<meta property=\"og:title\" content=\"Billede til bannerstativ \u2013 EXL Event | Gdirekt.se\" \/>\n<meta property=\"og:description\" content=\"Billede til bannerstativ \u2013 EXL Event. Bestil bannere, med let fastg\u00f8ring vha. elastiksnor p\u00e5 reklamestanderen, der bruges som hegn eller bande.\" \/>\n<meta property=\"og:url\" content=\"https:\/\/www.gdirekt.se\/da\/produkt\/billede-til-bannerstativ-exl-event\/\" \/>\n<meta property=\"og:site_name\" content=\"Gdirekt.se\" \/>\n<meta property=\"article:modified_time\" content=\"2019-01-16T14:33:28+00:00\" \/>\n<meta property=\"og:image\" content=\"https:\/\/www.gdirekt.se\/wp-content\/uploads\/bild_till_exlevent.png\" \/>\n\t<meta property=\"og:image:width\" content=\"1000\" \/>\n\t<meta property=\"og:image:height\" content=\"1000\" \/>\n\t<meta property=\"og:image:type\" content=\"image\/png\" \/>\n<meta name=\"twitter:card\" content=\"summary_large_image\" \/>\n<meta name=\"twitter:label1\" content=\"Estimeret l\u00e6setid\" \/>\n\t<meta name=\"twitter:data1\" content=\"1 minut\" \/>\n<script type=\"application\/ld+json\" class=\"yoast-schema-graph\">{\"@context\":\"https:\/\/schema.org\",\"@graph\":[{\"@type\":\"WebPage\",\"@id\":\"https:\/\/www.gdirekt.se\/da\/produkt\/billede-til-bannerstativ-exl-event\/\",\"url\":\"https:\/\/www.gdirekt.se\/da\/produkt\/billede-til-bannerstativ-exl-event\/\",\"name\":\"Billede til bannerstativ \u2013 EXL Event | Gdirekt.se\",\"isPartOf\":{\"@id\":\"https:\/\/www.gdirekt.se\/#website\"},\"primaryImageOfPage\":{\"@id\":\"https:\/\/www.gdirekt.se\/da\/produkt\/billede-til-bannerstativ-exl-event\/#primaryimage\"},\"image\":{\"@id\":\"https:\/\/www.gdirekt.se\/da\/produkt\/billede-til-bannerstativ-exl-event\/#primaryimage\"},\"thumbnailUrl\":\"https:\/\/www.gdirekt.se\/wp-content\/uploads\/bild_till_exlevent.png\",\"datePublished\":\"2016-12-06T15:39:07+00:00\",\"dateModified\":\"2019-01-16T14:33:28+00:00\",\"description\":\"Billede til bannerstativ \u2013 EXL Event. Bestil bannere, med let fastg\u00f8ring vha. elastiksnor p\u00e5 reklamestanderen, der bruges som hegn eller bande.\",\"breadcrumb\":{\"@id\":\"https:\/\/www.gdirekt.se\/da\/produkt\/billede-til-bannerstativ-exl-event\/#breadcrumb\"},\"inLanguage\":\"da-DK\",\"potentialAction\":[{\"@type\":\"ReadAction\",\"target\":[\"https:\/\/www.gdirekt.se\/da\/produkt\/billede-til-bannerstativ-exl-event\/\"]}]},{\"@type\":\"ImageObject\",\"inLanguage\":\"da-DK\",\"@id\":\"https:\/\/www.gdirekt.se\/da\/produkt\/billede-til-bannerstativ-exl-event\/#primaryimage\",\"url\":\"https:\/\/www.gdirekt.se\/wp-content\/uploads\/bild_till_exlevent.png\",\"contentUrl\":\"https:\/\/www.gdirekt.se\/wp-content\/uploads\/bild_till_exlevent.png\",\"width\":1000,\"height\":1000,\"caption\":\"Billede v\u00e6g til EXL Event\"},{\"@type\":\"BreadcrumbList\",\"@id\":\"https:\/\/www.gdirekt.se\/da\/produkt\/billede-til-bannerstativ-exl-event\/#breadcrumb\",\"itemListElement\":[{\"@type\":\"ListItem\",\"position\":1,\"name\":\"Hem\",\"item\":\"https:\/\/www.gdirekt.se\/da\/\"},{\"@type\":\"ListItem\",\"position\":2,\"name\":\"Start\",\"item\":\"https:\/\/www.gdirekt.se\/da\/\"},{\"@type\":\"ListItem\",\"position\":3,\"name\":\"Billede til bannerstativ \u2013 EXL Event\"}]},{\"@type\":\"WebSite\",\"@id\":\"https:\/\/www.gdirekt.se\/#website\",\"url\":\"https:\/\/www.gdirekt.se\/\",\"name\":\"Gdirekt.se\",\"description\":\"Tryck snabbt \u00e5 l\u00e4tt = Gdirekt\",\"potentialAction\":[{\"@type\":\"SearchAction\",\"target\":{\"@type\":\"EntryPoint\",\"urlTemplate\":\"https:\/\/www.gdirekt.se\/?s={search_term_string}\"},\"query-input\":{\"@type\":\"PropertyValueSpecification\",\"valueRequired\":true,\"valueName\":\"search_term_string\"}}],\"inLanguage\":\"da-DK\"}]}<\/script>\n<!-- \/ Yoast SEO plugin. -->","yoast_head_json":{"title":"Billede til bannerstativ \u2013 EXL Event | Gdirekt.se","description":"Billede til bannerstativ \u2013 EXL Event. Bestil bannere, med let fastg\u00f8ring vha. elastiksnor p\u00e5 reklamestanderen, der bruges som hegn eller bande.","robots":{"index":"index","follow":"follow","max-snippet":"max-snippet:-1","max-image-preview":"max-image-preview:large","max-video-preview":"max-video-preview:-1"},"canonical":"https:\/\/www.gdirekt.se\/da\/produkt\/billede-til-bannerstativ-exl-event\/","og_locale":"da_DK","og_type":"article","og_title":"Billede til bannerstativ \u2013 EXL Event | Gdirekt.se","og_description":"Billede til bannerstativ \u2013 EXL Event. Bestil bannere, med let fastg\u00f8ring vha. elastiksnor p\u00e5 reklamestanderen, der bruges som hegn eller bande.","og_url":"https:\/\/www.gdirekt.se\/da\/produkt\/billede-til-bannerstativ-exl-event\/","og_site_name":"Gdirekt.se","article_modified_time":"2019-01-16T14:33:28+00:00","og_image":[{"width":1000,"height":1000,"url":"https:\/\/www.gdirekt.se\/wp-content\/uploads\/bild_till_exlevent.png","type":"image\/png"}],"twitter_card":"summary_large_image","twitter_misc":{"Estimeret l\u00e6setid":"1 minut"},"schema":{"@context":"https:\/\/schema.org","@graph":[{"@type":"WebPage","@id":"https:\/\/www.gdirekt.se\/da\/produkt\/billede-til-bannerstativ-exl-event\/","url":"https:\/\/www.gdirekt.se\/da\/produkt\/billede-til-bannerstativ-exl-event\/","name":"Billede til bannerstativ \u2013 EXL Event | Gdirekt.se","isPartOf":{"@id":"https:\/\/www.gdirekt.se\/#website"},"primaryImageOfPage":{"@id":"https:\/\/www.gdirekt.se\/da\/produkt\/billede-til-bannerstativ-exl-event\/#primaryimage"},"image":{"@id":"https:\/\/www.gdirekt.se\/da\/produkt\/billede-til-bannerstativ-exl-event\/#primaryimage"},"thumbnailUrl":"https:\/\/www.gdirekt.se\/wp-content\/uploads\/bild_till_exlevent.png","datePublished":"2016-12-06T15:39:07+00:00","dateModified":"2019-01-16T14:33:28+00:00","description":"Billede til bannerstativ \u2013 EXL Event. Bestil bannere, med let fastg\u00f8ring vha. elastiksnor p\u00e5 reklamestanderen, der bruges som hegn eller bande.","breadcrumb":{"@id":"https:\/\/www.gdirekt.se\/da\/produkt\/billede-til-bannerstativ-exl-event\/#breadcrumb"},"inLanguage":"da-DK","potentialAction":[{"@type":"ReadAction","target":["https:\/\/www.gdirekt.se\/da\/produkt\/billede-til-bannerstativ-exl-event\/"]}]},{"@type":"ImageObject","inLanguage":"da-DK","@id":"https:\/\/www.gdirekt.se\/da\/produkt\/billede-til-bannerstativ-exl-event\/#primaryimage","url":"https:\/\/www.gdirekt.se\/wp-content\/uploads\/bild_till_exlevent.png","contentUrl":"https:\/\/www.gdirekt.se\/wp-content\/uploads\/bild_till_exlevent.png","width":1000,"height":1000,"caption":"Billede v\u00e6g til EXL Event"},{"@type":"BreadcrumbList","@id":"https:\/\/www.gdirekt.se\/da\/produkt\/billede-til-bannerstativ-exl-event\/#breadcrumb","itemListElement":[{"@type":"ListItem","position":1,"name":"Hem","item":"https:\/\/www.gdirekt.se\/da\/"},{"@type":"ListItem","position":2,"name":"Start","item":"https:\/\/www.gdirekt.se\/da\/"},{"@type":"ListItem","position":3,"name":"Billede til bannerstativ \u2013 EXL Event"}]},{"@type":"WebSite","@id":"https:\/\/www.gdirekt.se\/#website","url":"https:\/\/www.gdirekt.se\/","name":"Gdirekt.se","description":"Tryck snabbt \u00e5 l\u00e4tt = Gdirekt","potentialAction":[{"@type":"SearchAction","target":{"@type":"EntryPoint","urlTemplate":"https:\/\/www.gdirekt.se\/?s={search_term_string}"},"query-input":{"@type":"PropertyValueSpecification","valueRequired":true,"valueName":"search_term_string"}}],"inLanguage":"da-DK"}]}},"_links":{"self":[{"href":"https:\/\/www.gdirekt.se\/da\/wp-json\/wp\/v2\/product\/9413","targetHints":{"allow":["GET"]}}],"collection":[{"href":"https:\/\/www.gdirekt.se\/da\/wp-json\/wp\/v2\/product"}],"about":[{"href":"https:\/\/www.gdirekt.se\/da\/wp-json\/wp\/v2\/types\/product"}],"wp:featuredmedia":[{"embeddable":true,"href":"https:\/\/www.gdirekt.se\/da\/wp-json\/wp\/v2\/media\/8253"}],"wp:attachment":[{"href":"https:\/\/www.gdirekt.se\/da\/wp-json\/wp\/v2\/media?parent=9413"}],"wp:term":[{"taxonomy":"product_brand","embeddable":true,"href":"https:\/\/www.gdirekt.se\/da\/wp-json\/wp\/v2\/product_brand?post=9413"},{"taxonomy":"product_cat","embeddable":true,"href":"https:\/\/www.gdirekt.se\/da\/wp-json\/wp\/v2\/product_cat?post=9413"},{"taxonomy":"product_tag","embeddable":true,"href":"https:\/\/www.gdirekt.se\/da\/wp-json\/wp\/v2\/product_tag?post=9413"}],"curies":[{"name":"wp","href":"https:\/\/api.w.org\/{rel}","templated":true}]}}

<p><span lang="DA">Billede til bannerstativ – EXL Event består af et banner. Bannerne vejer 450 g og er kraftige og slidstærke. Bannerstanderen er stabil og bruges som billedvæg. Det er et velegnet produkt til sportsarrangementer, messer og events. Vælg mellem tre størrelser.</span></p>
<p><span lang="DA">Bannerstativ – EXL Event er en stabil billedvæg, der samles uden brug af værktøj. Det bruges til butikscentre, sportskonkurrencer, messer og events.  Et slidstærkt banner er inkluderet i prisen. Det er et velegnet produkt til brug både indendørs og udendørs.</span></p>
<p><span lang="DA">Vælg mellem tre størrelser. 1: Samlet mål: 206 x 205 cm, billedmål: 190 x 185 cm. 2: Samlet mål: 254 x 205 cm, billedmål: 240 x 185 cm. 3: Samlet mål: 306 x 205 cm, billedmål: 290 x 185 cm. Download designskabelonen til dit store banner, der passer i standeren og kan bruges som scenetæppe og bagvæg.</span></p>
<p><span class="fet"><span lang="DA">Bannervæggen har indbyggede vægte af hensyn til stabiliteten. Det tager kun et par minutter at samle den.</span></span><span lang="DA"> En let håndterlig og kompakt løsning, når den transporteres usamlet. Billedet vikles rundt om de robuste glasfiberrør. Køb eventuelt en<span class="fet"> taske, der passer til, med snørelukning og hank.</span></span></p>
<p><span lang="DA">Bannerstativ – EXL Event er en god og billig løsning til opsætning af bannere. Hvis I har brug for andre bannere, har vi flere løsninger. Se dem på denne </span><span lang="DA"><a href="https://www.gdirekt.se/produkt-kategori/banderoller/"><b><i>side.</i></b></a></span></p>
<p>&nbsp;</p>

<p>Billede til bannerstativ – EXL Event. Bestil bannere, med let fastgøring vha. elastiksnor på reklamestanderen, der bruges som hegn eller bande. Vælg mellem tre størrelser. Bemærk: Dette billede er kun til én side. Bestil to, hvis der skal udskiftes billede på begge sider.</p>

<!-- This site is optimized with the Yoast SEO plugin v27.2 - https://yoast.com/product/yoast-seo-wordpress/ -->
<title>Billede til bannerstativ – EXL Event | Gdirekt.se</title>
<meta name="description" content="Billede til bannerstativ – EXL Event. Bestil bannere, med let fastgøring vha. elastiksnor på reklamestanderen, der bruges som hegn eller bande." />
<meta name="robots" content="index, follow, max-snippet:-1, max-image-preview:large, max-video-preview:-1" />
<link rel="canonical" href="https://www.gdirekt.se/da/produkt/billede-til-bannerstativ-exl-event/" />
<meta property="og:locale" content="da_DK" />
<meta property="og:type" content="article" />
<meta property="og:title" content="Billede til bannerstativ – EXL Event | Gdirekt.se" />
<meta property="og:description" content="Billede til bannerstativ – EXL Event. Bestil bannere, med let fastgøring vha. elastiksnor på reklamestanderen, der bruges som hegn eller bande." />
<meta property="og:url" content="https://www.gdirekt.se/da/produkt/billede-til-bannerstativ-exl-event/" />
<meta property="og:site_name" content="Gdirekt.se" />
<meta property="article:modified_time" content="2019-01-16T14:33:28+00:00" />
<meta property="og:image" content="https://www.gdirekt.se/wp-content/uploads/bild_till_exlevent.png" />
	<meta property="og:image:width" content="1000" />
	<meta property="og:image:height" content="1000" />
	<meta property="og:image:type" content="image/png" />
<meta name="twitter:card" content="summary_large_image" />
<meta name="twitter:label1" content="Estimeret læsetid" />
	<meta name="twitter:data1" content="1 minut" />
<script type="application/ld+json" class="yoast-schema-graph">{"@context":"https://schema.org","@graph":[{"@type":"WebPage","@id":"https://www.gdirekt.se/da/produkt/billede-til-bannerstativ-exl-event/","url":"https://www.gdirekt.se/da/produkt/billede-til-bannerstativ-exl-event/","name":"Billede til bannerstativ – EXL Event | Gdirekt.se","isPartOf":{"@id":"https://www.gdirekt.se/#website"},"primaryImageOfPage":{"@id":"https://www.gdirekt.se/da/produkt/billede-til-bannerstativ-exl-event/#primaryimage"},"image":{"@id":"https://www.gdirekt.se/da/produkt/billede-til-bannerstativ-exl-event/#primaryimage"},"thumbnailUrl":"https://www.gdirekt.se/wp-content/uploads/bild_till_exlevent.png","datePublished":"2016-12-06T15:39:07+00:00","dateModified":"2019-01-16T14:33:28+00:00","description":"Billede til bannerstativ – EXL Event. Bestil bannere, med let fastgøring vha. elastiksnor på reklamestanderen, der bruges som hegn eller bande.","breadcrumb":{"@id":"https://www.gdirekt.se/da/produkt/billede-til-bannerstativ-exl-event/#breadcrumb"},"inLanguage":"da-DK","potentialAction":[{"@type":"ReadAction","target":["https://www.gdirekt.se/da/produkt/billede-til-bannerstativ-exl-event/"]}]},{"@type":"ImageObject","inLanguage":"da-DK","@id":"https://www.gdirekt.se/da/produkt/billede-til-bannerstativ-exl-event/#primaryimage","url":"https://www.gdirekt.se/wp-content/uploads/bild_till_exlevent.png","contentUrl":"https://www.gdirekt.se/wp-content/uploads/bild_till_exlevent.png","width":1000,"height":1000,"caption":"Billede væg til EXL Event"},{"@type":"BreadcrumbList","@id":"https://www.gdirekt.se/da/produkt/billede-til-bannerstativ-exl-event/#breadcrumb","itemListElement":[{"@type":"ListItem","position":1,"name":"Hem","item":"https://www.gdirekt.se/da/"},{"@type":"ListItem","position":2,"name":"Start","item":"https://www.gdirekt.se/da/"},{"@type":"ListItem","position":3,"name":"Billede til bannerstativ – EXL Event"}]},{"@type":"WebSite","@id":"https://www.gdirekt.se/#website","url":"https://www.gdirekt.se/","name":"Gdirekt.se","description":"Tryck snabbt å lätt = Gdirekt","potentialAction":[{"@type":"SearchAction","target":{"@type":"EntryPoint","urlTemplate":"https://www.gdirekt.se/?s={search_term_string}"},"query-input":{"@type":"PropertyValueSpecification","valueRequired":true,"valueName":"search_term_string"}}],"inLanguage":"da-DK"}]}</script>
<!-- / Yoast SEO plugin. -->

Billede til bannerstativ – EXL Event. Bestil bannere, med let fastgøring vha. elastiksnor på reklamestanderen, der bruges som hegn eller bande.

Billede væg til EXL Event

Tryck snabbt å lätt = Gdirekt
